{"id":2367,"date":"2011-08-09T21:23:44","date_gmt":"2011-08-09T19:23:44","guid":{"rendered":"http:\/\/muscleboykanan.com\/blog\/?page_id=2367"},"modified":"2022-04-25T12:02:45","modified_gmt":"2022-04-25T10:02:45","slug":"geschriften","status":"publish","type":"page","link":"https:\/\/muscleboykanan.com\/blog\/geschriften\/","title":{"rendered":"Geschriften"},"content":{"rendered":"<p><strong>DE HERSTELDE NAAM<\/strong><\/p>\n<p><strong>In mijn zoektocht naar de waarheid ontdekte ik dat <u>Y\u00e2-hw\u00e9h (Yahweh)<\/u> de naam is van de Hemelse Vader. Begrijp me niet verkeerd: Yahweh blijft onze Almachtige. <u>Y\u00e2huwsh\u00faa` (Yahuwshua)<\/u> is de ware naam van de Verlosser, niet Jezus.<\/p>\n","protected":false},"excerpt":{"rendered":"<p>DE HERSTELDE NAAM In mijn zoektocht naar de waarheid ontdekte ik dat Y\u00e2-hw\u00e9h (Yahweh) de naam is van de Hemelse Vader. Begrijp me niet verkeerd: Yahweh blijft onze Almachtige. Y\u00e2huwsh\u00faa` (Yahuwshua) is de ware naam van de Verlosser, niet Jezus.<\/p>\n","protected":false},"author":2,"featured_media":0,"parent":0,"menu_order":3,"comment_status":"closed","ping_status":"closed","template":"","meta":{"footnotes":""},"class_list":["post-2367","page","type-page","status-publish","hentry"],"_links":{"self":[{"href":"https:\/\/muscleboykanan.com\/blog\/wp-json\/wp\/v2\/pages\/2367","targetHints":{"allow":["GET"]}}],"collection":[{"href":"https:\/\/muscleboykanan.com\/blog\/wp-json\/wp\/v2\/pages"}],"about":[{"href":"https:\/\/muscleboykanan.com\/blog\/wp-json\/wp\/v2\/types\/page"}],"author":[{"embeddable":true,"href":"https:\/\/muscleboykanan.com\/blog\/wp-json\/wp\/v2\/users\/2"}],"replies":[{"embeddable":true,"href":"https:\/\/muscleboykanan.com\/blog\/wp-json\/wp\/v2\/comments?post=2367"}],"version-history":[{"count":3,"href":"https:\/\/muscleboykanan.com\/blog\/wp-json\/wp\/v2\/pages\/2367\/revisions"}],"predecessor-version":[{"id":6643,"href":"https:\/\/muscleboykanan.com\/blog\/wp-json\/wp\/v2\/pages\/2367\/revisions\/6643"}],"wp:attachment":[{"href":"https:\/\/muscleboykanan.com\/blog\/wp-json\/wp\/v2\/media?parent=2367"}],"curies":[{"name":"wp","href":"https:\/\/api.w.org\/{rel}","templated":true}]}}