{"id":2393,"date":"2011-08-09T22:49:00","date_gmt":"2011-08-09T20:49:00","guid":{"rendered":"http:\/\/muscleboykanan.com\/blog\/?page_id=2393"},"modified":"2022-08-04T11:53:59","modified_gmt":"2022-08-04T09:53:59","slug":"33-2","status":"publish","type":"page","link":"https:\/\/muscleboykanan.com\/blog\/geschriften\/ps\/33-2\/","title":{"rendered":"Lied 33"},"content":{"rendered":"<p><strong>Lied (Psalm) 33<\/strong><\/p>\n<p>1. Zing vrolijk in Y\u00e2-hw\u00e9h, rechtvaardigen! Een lofzang past de oprechten. 2. Loof Y\u00e2-hw\u00e9h met de harp, zing psalmen voor Hem met de harp en de tiensnarige luit. 3. Zing voor Hem een nieuw lied, speel welluidend met vrolijke klanken. 4. Want het woord van Y\u00e2-hw\u00e9h is recht en al Zijn werken betrouwbaar. 5. Hij heeft gerechtigheid en gericht lief, de aarde is vol van de barmhartigheid van Y\u00e2-hw\u00e9h. 6. Door het Woord van Y\u00e2-hw\u00e9h is de hemel gemaakt, door de Geest van Zijn mond heel hun legermacht. 7. Hij verzamelt het water van de zee als een dam, Hij sluit de diepe wateren op in schatkamers. 8. Laat heel de aarde voor Y\u00e2-hw\u00e9h vrezen, laat alle bewoners van de wereld bevreesd zijn voor Hem. 9. Want H\u00edj spreekt en het is er, Hij gebiedt en het staat er. 10. Y\u00e2-hw\u00e9h vernietigt de raad van de heidenvolken, Hij verbreekt de gedachten van de volken. 11. Maar de raad van Y\u00e2-hw\u00e9h bestaat voor eeuwig, de gedachten van Zijn hart bestaan van generatie op generatie. 12. Gezegend het volk dat Y\u00e2-hw\u00e9h tot zijn Almachtige heeft, het volk dat Hij Zich als eigendom verkozen heeft. 13. Y\u00e2-hw\u00e9h schouwt uit de hemel en ziet alle mensenkinderen. 14. Vanuit Zijn verheven woonplaats aanschouwt Hij alle bewoners van de aarde. 15. Hij vormt hun aller hart; Hij let op al hun daden. 16. Een koning wordt niet verlost door een groot leger, een held wordt niet gered door grote kracht. 17. Het paard geeft valse hoop op de overwinning en bevrijdt niet door zijn grote kracht. 18. Zie, het oog van Y\u00e2-hw\u00e9h is over wie Hem vrezen, op hen die op Zijn barmhartigheid hopen, 19. om hun ziel te redden van de dood en hen in het leven te behouden, wanneer er honger is. 20. Onze ziel verwacht Y\u00e2-hw\u00e9h, Hij is onze hulp en ons schild. 21. Want ons hart is in Hem verblijd, omdat wij op Zijn heilige Naam vertrouwen. 22. Laat Uw barmhartigheid over ons zijn, O Y\u00e2-hw\u00e9h, zoals wij op U hopen.<\/p>\n<p><center><a href=\"\/blog\/geschriften\/ps\/32-2\/\">Lied 32<\/a> | <a href=\"\/blog\/geschriften\/ps\/34-2\/\">Lied 34<\/a><\/center><\/p>\n","protected":false},"excerpt":{"rendered":"<p>Lied (Psalm) 33 1. Zing vrolijk in Y\u00e2-hw\u00e9h, rechtvaardigen! Een lofzang past de oprechten. 2. Loof Y\u00e2-hw\u00e9h met de harp, zing psalmen voor Hem met de harp en de tiensnarige luit. 3. Zing voor Hem een nieuw lied, speel welluidend met vrolijke klanken. 4. Want het woord van Y\u00e2-hw\u00e9h is recht en al Zijn werken [&hellip;]<\/p>\n","protected":false},"author":2,"featured_media":0,"parent":2381,"menu_order":33,"comment_status":"closed","ping_status":"closed","template":"","meta":{"footnotes":""},"class_list":["post-2393","page","type-page","status-publish","hentry"],"_links":{"self":[{"href":"https:\/\/muscleboykanan.com\/blog\/wp-json\/wp\/v2\/pages\/2393","targetHints":{"allow":["GET"]}}],"collection":[{"href":"https:\/\/muscleboykanan.com\/blog\/wp-json\/wp\/v2\/pages"}],"about":[{"href":"https:\/\/muscleboykanan.com\/blog\/wp-json\/wp\/v2\/types\/page"}],"author":[{"embeddable":true,"href":"https:\/\/muscleboykanan.com\/blog\/wp-json\/wp\/v2\/users\/2"}],"replies":[{"embeddable":true,"href":"https:\/\/muscleboykanan.com\/blog\/wp-json\/wp\/v2\/comments?post=2393"}],"version-history":[{"count":0,"href":"https:\/\/muscleboykanan.com\/blog\/wp-json\/wp\/v2\/pages\/2393\/revisions"}],"up":[{"embeddable":true,"href":"https:\/\/muscleboykanan.com\/blog\/wp-json\/wp\/v2\/pages\/2381"}],"wp:attachment":[{"href":"https:\/\/muscleboykanan.com\/blog\/wp-json\/wp\/v2\/media?parent=2393"}],"curies":[{"name":"wp","href":"https:\/\/api.w.org\/{rel}","templated":true}]}}